at is 11111011010001100111 + 101?
11111011010001101100
In base 4, what is -3 + -203313130110?
-203313130113
In base 5, what is 104 + 304111124?
304111233
In base 10, what is 8 - -2896621?
2896629
In base 10, what is 196 + -11238?
-11042
In base 16, what is -3d01d3 + 4?
-3d01cf
In base 7, what is -6 + -62141503?
-62141512
In base 9, what is -31 - 145464?
-145505
In base 11, what is 207874a + 3?
2078752
In base 11, what is -14787713 - 3?
-14787716
In base 10, what is 419550 - -5?
419555
In base 15, what is -43077c + 5?
-430777
In base 7, what is -3 + -46202020?
-46202023
In base 14, what is -455dd023 - -1?
-455dd022
In base 2, what is -100 + -10011010011001100111?
-10011010011001101011
In base 12, what is 5a9621 + 1?
5a9622
In base 7, what is -106 + -11423411?
-11423520
In base 8, what is -31061 - -7666?
-21173
In base 9, what is -4 - 132781502?
-132781506
In base 4, what is -122033 - 210023310?
-210212003
In base 13, what is -46141 - -327?
-45b17
In base 9, what is 164 - -1036457?
1036632
In base 15, what is -4 + 2eca8a?
2eca86
In base 8, what is -10 + -15456740?
-15456750
In base 11, what is 1 - 14753543?
-14753542
In base 6, what is 155502 + -13131?
142331
In base 3, what is 1021122 - -10201220201?
10210012100
In base 16, what is -1 - f4824?
-f4825
In base 4, what is 10130220012 + 1?
10130220013
In base 13, what is -1566440 - 31?
-1566471
In base 4, what is -221130010 - -33213?
-221030131
In base 16, what is bf - -10df6?
10eb5
In base 13, what is 55029 - 176a?
5358c
In base 8, what is -107460 + 331?
-107127
In base 11, what is -238408 - -43?
-238375
In base 12, what is -5092848 - -2?
-5092846
In base 12, what is a0a623 + 6?
a0a629
In base 16, what is 0 + -175d45?
-175d45
In base 11, what is -1 - 2623737?
-2623738
In base 6, what is 35435305 + -234?
35435031
In base 5, what is 2144 + -300331?
-243132
In base 5, what is -440 - -130220443?
130220003
In base 12, what is -176 + -147a3?
-14959
In base 15, what is c306d + 15?
c3083
In base 11, what is 1 - -5667316?
5667317
In base 3, what is 12000221010 + 11122212?
12012120222
In base 13, what is 18503 + 218?
1871b
In base 14, what is 2 - -62a47c?
62a480
In base 15, what is -6 + a03e37?
a03e31
In base 8, what is -6444 + -54633?
-63277
In base 5, what is -422404 + -24134?
-1002043
In base 7, what is 1600656554 + 3?
1600656560
In base 4, what is 3 - -220012331220?
220012331223
In base 15, what is -156 - 6bad4?
-6bc3a
In base 14, what is -a0a2264 + d?
-a0a2255
In base 6, what is -212 + 2040521?
2040305
In base 3, what is -20212100210 - 2100120?
-20221201100
In base 13, what is 307 - 2b0c?
-2805
In base 5, what is 30102 - 21312?
3240
In base 12, what is 48735 + 5?
4873a
In base 6, what is -314 + -2355005?
-2355323
In base 9, what is 13 - 230840?
-230826
In base 11, what is 2403752 + 55?
24037a7
In base 9, what is 13664843 - 4?
13664838
In base 15, what is eea074 - -4?
eea078
In base 5, what is -1324 + -30120?
-31444
In base 2, what is 1100 + 100001001000100110100?
100001001000101000000
In base 15, what is 1ce8e6 - -7?
1ce8ed
In base 3, what is 10222201121000211 - -11?
10222201121000222
In base 11, what is -4 - -37a377?
37a373
In base 10, what is 1032 + 20328?
21360
In base 7, what is 23 - 33226445?
-33226422
In base 15, what is 5 - -9a416?
9a41b
In base 15, what is 273 + -594?
-321
In base 15, what is 4 + -41881c?
-418818
In base 7, what is 53 - -50312632?
50313015
In base 3, what is 202220 - -11021221102?
11022201022
In base 7, what is -2425316 + -15465?
-2444114
In base 13, what is -18855 - -a6?
-1877c
In base 7, what is 2 - -115114306?
115114311
In base 10, what is 649 - -1922?
2571
In base 14, what is 41c3 - 56c?
3a55
In base 15, what is -310e1 - -2b?
-310b5
In base 11, what is 99 - -274712?
274800
In base 4, what is -20132131021 + 320?
-20132130101
In base 7, what is -1346 + 110560?
106211
In base 13, what is 8290b5 + -3?
8290b2
In base 4, what is -220 - -1311010103?
1311003223
In base 10, what is 1846343 + 1?
1846344
In base 11, what is 540 + 163098?
163628
In base 12, what is 451 - 44462?
-44011
In base 6, what is -503 + -1023205?
-1024112
In base 3, what is 2101020 - -2020220?
11122010
In base 9, what is -4 - 32613582?
-32613586
In base 8, what is 130344123 + -4?
130344117
In base 16, what is 273d80b + 5?
273d810
In base 2, what is -1111000 - -1000111110101010011?
1000111110011011011
In base 13, what is 4a + -93aa6a?
-93aa20
In base 11, what is 4 - -1761a607?
1761a610
In base 4, what is 121000121 + 113313?
121120100
In base 11, what is -23864494 + 2?
-23864492
In base 13, what is a + 4b3bb?
4b3c8
In base 10, what is -89452330 - 3?
-89452333
In base 6, what is 200 + -14113113?
-14112513
In base 8, what is -2772 - 4515?
-7507
In base 16, what is -285 + -154f?
-17d4
In base 3, what is -11202012211 - 12102?
-11202102020
In base 12, what is 2958068 + 1?
2958069
In base 2, what is 101011 + -1000111110010111010100?
-1000111110010110101001
In base 16, what is -1 - -7773ef?
7773ee
In base 6, what is 5 + 3021253114?
3021253123
In base 15, what is 15d1 + -4c84?
-36a3
In base 10, what is 587060014 + -1?
587060013
In base 11, what is -1a9 - 1a3377?
-1a3575
In base 8, what is -166 + 1761237?
1761051
In base 5, what is 4 - 124421120?
-124421111
In base 6, what is -12124 - 24123?
-40251
In base 9, what is -486 - -52550?
52053
In base 13, what is -1736 - 261bc?
-27925
In base 8, what is -4256 + -131?
-4407
In base 6, what is 31255525 - 5?
31255520
In base 11, what is 2 - 82304?
-82302
In base 8, what is 150 - -1753?
2123
In base 3, what is 1001201011 + -10220?
1001120021
In base 6, what is 3112202 + -10545?
3101213
In base 15, what is -a - 9cd68?
-9cd73
In base 7, what is 2060656 - 1202?
2056454
In base 16, what is 5 + -249dabc?
-249dab7
In base 3, what is 12 + -1102222101011?
-1102222100222
In base 6, what is 3123 + -140120?
-132553
In base 2, what is 11011100 + -101001010100111?
-101000111001011
In base 13, what is 2545ac3 - -5?
2545ac8
In base 8, what is -3510 - 7062?
-12572
In base 5, what is 104304414324 - -13?
104304414342
In base 3, what is 20 + -102002210122122221?
-102002210122122201
In base 2, what is 1101011 - 10111010010101111000?
-10111010010100001101
In base 12, what is 74949 - 20?
74929
In base 5, what is -14043130124 + -2?
-14043130131
In base 5, what is -2130 - -114214?
112034
In base 8, what is -2 - -11215505?
11215503
In base 15, what is -1526b - -1009?
-14262
In base 5, what is 424030442 + 2?
424030444
In base 13, what is -3 + -a833c?
-a8342
In base 4, what is -10 + 21131100231?
21131100221
In base 2, what is -100 + 110000100000010010010?
110000100000010001110
In base 13, what is 223 - -7482?
76a5
In base 16, what is -667 - 2224?
-288b
In base 13, what is 2 - 16a653?
-16a651
In base 10, what is -1519 - -857?
-662
In base 14, what is -10 - -203cb?
203bb
In base 15, what is 8c20 - 1394?
787b
In base 12, what is 96b9b4b6 + 3?
96b9b4b9
In base 16, what is 36ba7 + 194?
36d3b
In base 3, what is 12102200102 - 10002110?
12022120222
In base 12, what is -250 - a4a17?
-a5067
In base 10, what is -17877192 - -5?
-17877187
In base 6, what is -1 + 320152544?
320152543
In base 6, what is 10125514 - 2211?
10123303
In base 9, what is 1055081 + 307?
1055388
In base 16, what is -e + 8d2814?
8d2806
In base 5, what is 2013 - -111443414?
112000432
In base 16, what is -20c - 89?
-295
In base 11, what is 107559001 - 4?
107558aa8
In base 11, what is 132a4879 + -5?
132a4874
In base 2, what is 111111000001000101000011 - -10?
111111000001000101000101
In base 9, what is -84 + 215112?
215017
In base 14, what is 41bc + 103d?
521b
In base 10, what is 751088 + 2?
751090
In base 16, what is -1f6b - -225?
-1d46
In base 2, what is 11 + 10011110000011010110111?
10011110000011010111010
In base 7, what is 221644031 + -10?
221644021
In base 12, what is -5 + -193588a?
-1935893
In base 9, what is 6 - 46433001?
-46432884
In base 2, what is -101 + -1001000111110100001101000?
-1001000111110100001101101
In base 4, what is -11 - -13133130211?
13133130200
In base 7, what is -40620006 + -114?
-40620123
In base 11, what is 42589 + 259?
42837
In base 15, what is 57c - 321a?
-2b8d
In base 15, what is 451 + -962?
-511
In base 5, what is 14 + 2013223202?
2013223221
In base 13, what is c0 + 6009?
60c9
In base 8, what is -2 + 5436470?
5436466
